Lisääntyvää pilvisyyttä tai pilvistä, myöhemmin mahdollisesti lumisadetta tai kuuroja. Tuuliolot ennallaan. Pohjois - Koillistuulta .
Monthly Climatological Summary for loka 2011 Name: JussilaWX City: Leppioja State: Haapavesi Finland Elevation: 145 m Lat: N 64° 10' 23" Lon: E 025° 32' 27" Temperature (°C), Rain (mm), Wind Speed (m/s) Heat Cool Avg Mean Deg Deg Wind Dom Day Temp High Time Low Time Days Days Rain Speed High Time Dir ---------------------------------------------------------------------------------- 01 7,1 12,8 14:37 2,4 07:29 11,2 0,0 0,0 2,1 9,0 00:17 LU 02 7,2 12,4 13:58 1,3 03:20 11,1 0,0 1,2 1,5 9,0 13:37 ELO 03 6,1 11,3 16:14 1,8 06:29 12,2 0,0 0,0 0,4 4,0 00:01 LLU 04 6,8 10,3 15:41 3,2 00:23 11,6 0,0 4,2 1,5 9,0 14:23 EKA 05 7,8 11,4 12:15 4,0 07:37 10,5 0,0 0,3 0,8 10,0 15:21 LLU 06 7,4 12,2 23:45 3,0 07:21 10,9 0,0 3,6 1,3 8,0 23:53 EKA 07 8,5 13,3 00:45 3,2 23:46 9,8 0,0 6,3 3,0 16,0 14:21 E 08 6,4 11,3 13:48 3,0 23:09 11,9 0,0 1,2 2,0 10,0 00:21 LU 09 3,3 8,2 14:26 0,1 06:01 15,0 0,0 0,0 1,2 8,0 19:53 LU 10 5,5 9,2 17:24 1,9 00:00 12,8 0,0 11,1 1,9 11,0 08:38 EKA 11 5,6 9,4 15:15 3,0 22:45 12,7 0,0 8,1 1,6 7,0 14:23 LU 12 3,8 6,1 11:58 2,0 04:06 14,5 0,0 3,0 1,9 9,0 21:21 LU 13 3,1 5,9 15:27 -0,2 21:00 15,2 0,0 0,0 3,1 10,0 08:41 LU 14 0,9 7,1 15:09 -4,1 08:32 17,4 0,0 14,7 1,6 7,0 10:57 LU 15 3,7 8,6 13:42 0,0 08:57 14,6 0,0 2,7 0,5 6,0 14:18 ELO 16 5,2 11,5 15:01 1,7 21:12 13,1 0,0 0,0 0,6 7,0 00:58 LLO 17 4,7 9,0 17:53 0,8 05:42 13,6 0,0 0,0 0,6 7,0 21:05 E 18 7,0 10,5 20:37 4,8 05:07 11,3 0,0 0,0 2,4 12,0 19:13 EKA 19 5,8 8,9 00:06 2,5 08:32 12,5 0,0 0,3 3,4 13,0 05:13 EKA 20 5,0 8,3 12:42 1,7 23:45 13,3 0,0 0,0 1,7 10,0 04:53 E 21 3,3 7,7 15:53 -0,2 23:50 15,0 0,0 0,3 0,9 9,0 15:31 L 22 0,7 6,2 22:37 -2,2 02:32 17,6 0,0 0,3 0,0 22,0 22:41 IKA 23 0,8 5,4 23:43 -1,5 04:00 17,5 0,0 0,0 0,7 5,0 18:39 PKO 24 5,7 6,5 13:18 4,6 23:55 12,6 0,0 0,0 0,6 10,0 01:41 EKA 25 4,9 6,0 12:43 4,2 22:16 13,4 0,0 0,0 0,2 4,0 14:50 ELO 26 4,8 7,4 14:48 2,5 23:05 13,5 0,0 0,0 0,4 5,0 00:48 LO 27 2,3 3,4 13:04 1,4 19:55 16,0 0,0 0,0 1,7 6,0 03:25 EKA 28 5,2 7,3 21:34 2,2 00:00 13,1 0,0 1,2 1,1 8,0 21:18 EKA 29 5,6 7,9 00:13 3,1 19:48 12,7 0,0 1,5 1,7 12,0 10:56 LU 30 5,6 7,3 17:13 2,2 01:38 13,3 0,0 0,0 0,3 5,0 04:24 EKA 31 5,8 7,4 00:04 3,9 23:55 12,6 0,0 0,3 1,5 8,0 07:55 PLU ---------------------------------------------------------------------------------- 5,0 13,3 7 -4,1 14 412,5 0,0 60,3 1,4 22,0 22 LO Max >= 25,0 0 Max <= 10,0 21 Min <= -25,0 0 Min <= 0,0 6 Max Rain: 14,7 on day 14 Days of Rain: 17 (>= 0,2 mm) 8 (>= 2,0 mm) 0 (>= 20,0 mm) Heat Base: 17,0 Cool Base: 17,0 Method: Integration
Sivutiedot päivitettiin .