Valitse vuosi- tai kuukausiraportti


Raportti 2021 Tammi
                   Monthly Climatological Summary for tammi 2021

Name: Jussila Weather   City: Leppioja   State: Haapavesi Finland
Elevation: 160 m  Lat: N 64° 10' 23"   Lon: E 025° 32' 27"

                  Temperature (°C), Rain (mm), Wind Speed (m/s)

                                      Heat  Cool        Avg
    Mean                              Deg   Deg         Wind                 Dom
Day Temp  High   Time   Low    Time   Days  Days  Rain  Speed High   Time    Dir
----------------------------------------------------------------------------------
01  -3,4  -1,1   00:00  -5,2   20:04  20,4   0,0   0,0   0,1   3,6   00:05  I-Ko
02  -4,2  -3,1   12:50  -6,2   23:54  21,2   0,0   0,0   0,1   4,5   23:30  P-Lu
03  -8,0  -6,2   00:00 -12,5   23:58  25,0   0,0   0,0   0,0   4,5   19:02  P-Lu
04 -15,1 -12,4   00:00 -17,8   21:44  32,1   0,0   0,0   0,0   0,0   00:00     P
05 -14,6  -9,9   21:05 -19,9   02:42  31,6   0,0   0,3   0,0   0,0   00:00     P
06 -11,4  -9,5   20:52 -12,7   01:18  28,4   0,0   0,0   0,0   0,0   00:00     P
07  -8,2  -7,1   12:12 -10,6   00:00  25,2   0,0   0,0   0,0   0,0   00:00     P
08  -8,2  -7,7   07:06  -9,3   22:53  25,2   0,0   0,0   0,0   0,0   00:00     P
09 -11,9  -9,3   00:00 -15,4   23:58  28,9   0,0   0,0   0,0   0,0   00:00     P
10 -15,4  -8,9   23:41 -19,8   08:23  32,4   0,0   0,0   0,0   0,0   00:00     P
11  -9,1  -8,3   17:49 -10,4   10:32  26,1   0,0   0,0   2,0   7,2   08:36    Ka
12 -12,2  -8,9   00:00 -15,6   23:29  29,2   0,0   0,0   4,3  13,0   10:13    Ka
13 -20,1 -15,3   00:31 -23,9   23:18  37,2   0,0   0,0   2,2  10,7   01:23  I-Ka
14 -25,4 -23,4   13:43 -27,3   22:17  42,4   0,0   0,0   0,5   3,6   00:03  I-Ko
15 -16,4 -10,1   23:56 -26,7   01:06  33,4   0,0   0,0   0,0   1,8   13:36    Lu
16  -8,1  -2,9   23:59 -11,1   05:57  25,1   0,0   0,0   0,1   1,3   06:55    Lu
17  -3,3  -2,4   04:30  -6,0   23:57  20,3   0,0   0,0   0,7   4,0   14:37  L-Lu
18  -4,7  -3,6   12:14  -6,4   00:21  21,7   0,0   0,0   0,9   5,8   13:32     E
19  -5,0  -4,6   07:13  -5,3   13:49  22,0   0,0   0,0   0,5   4,5   21:37     I
20  -6,7  -5,2   00:00  -8,6   23:51  23,7   0,0   0,0   1,9   5,8   11:04  I-Ka
21 -10,4  -8,5   00:00 -12,1   21:55  27,4   0,0   0,0   3,4  12,1   22:27  I-Ka
22 -10,9 -10,2   13:37 -11,7   00:00  27,9   0,0   0,0   4,5  13,9   00:55    Ka
----------------------------------------------------------------------------------
   -10,6  -1,1     1   -27,3    14   606,8   0,0   0,3   1,0  13,9    22    I-Ka

Max >=  25,0  0
Max <=  10,0 22
Min <= -25,0  2
Min <= -10,0 15
Max Rain: 0,3 on day 5
Days of Rain: 1 (>= 0,2 mm)  0 (>= 2,0 mm)  0 (>= 20,0 mm)
Heat Base: 17,0  Cool Base: 17,0  Method: Integration