Valitse vuosi- tai kuukausiraportti


Raportti 2019 Marras
                   Monthly Climatological Summary for marras 2019

Name: Jussila Weather   City: Leppioja   State: Haapavesi Finland
Elevation: 133 m  Lat: N 64° 10' 23"   Lon: E 025° 32' 27"

                  Temperature (°C), Rain (mm), Wind Speed (m/s)

                                      Heat  Cool        Avg
    Mean                              Deg   Deg         Wind                 Dom
Day Temp  High   Time   Low    Time   Days  Days  Rain  Speed High   Time    Dir
----------------------------------------------------------------------------------
 1  -3,7  -2,6   21:01  -5,0   10:27  20,7   0,0   0,0   1,3   7,6   05:41  L-Lu
 2  -1,4   0,0   20:40  -3,1   03:57  18,4   0,0   0,0   2,0   6,7   14:27  E-Ka
 3  -1,7   0,1   00:18  -5,7   22:34  18,7   0,0   0,0   1,0   6,3   15:34  L-Lu
 4  -8,0  -4,0   03:50 -11,4   21:23  25,0   0,0   0,0   0,3   2,7   00:00  L-Lu
 5  -8,4  -5,4   20:53 -11,2   00:00  25,4   0,0   0,0   0,1   1,8   01:42  E-Lo
 6  -9,8  -6,8   00:00 -13,2   23:21  26,8   0,0   0,0   0,0   0,4   00:04   ---
 7 -12,0  -9,5   23:56 -14,6   08:15  29,0   0,0   0,0   0,0   1,3   14:15  I-Ka
 8  -7,4  -5,9   21:10  -9,5   00:00  24,4   0,0   0,0   0,0   0,9   01:59   ---
 9  -4,9  -3,7   15:07  -6,6   02:28  21,9   0,0   0,0   0,0   1,8   04:45  I-Ko
10  -4,3  -3,2   16:29  -5,9   23:50  21,3   0,0   0,0   0,0   0,0   00:00   ---
11  -4,6  -3,6   13:30  -6,1   00:16  21,6   0,0   0,0   0,0   0,0   00:00   ---
12  -4,3  -2,8   23:50  -5,7   10:09  21,3   0,0   0,0   0,0   0,0   00:00   ---
13  -0,6   0,6   23:57  -2,8   00:00  17,6   0,0   1,2   0,6   4,5   18:50    Ka
14   1,1   2,4   13:31  -0,1   22:41  15,9   0,0  23,8   0,8   7,2   22:21    Lu
15   0,1   0,6   03:59  -0,4   07:36  16,9   0,0   1,6   1,9   7,6   01:49     L
16  -1,2   0,2   00:46  -3,0   22:33  18,2   0,0   0,0   0,7   4,9   22:32    Ka
----------------------------------------------------------------------------------
    -4,4   2,4    14   -14,6     7   343,1   0,0  26,6   0,5   7,6     1    L-Lo

Max >=  25,0:  0
Max <=   5,0: 16
Min <=   0,0: 16
Min <= -18,0:  0
Max Rain: 23,8 on day 14
Days of Rain: 3 (>= 0,2 mm)  1 (>= 2,0 mm)  1 (>= 20,0 mm)
Heat Base: 17,0  Cool Base: 17,0  Method: Integration